ate m(r).
30
Let d(m) = 11*m - 26. Let o(a) = 6*a - 13. Let f(y) = 4*d(y) - 7*o(y). Let x(n) = 3*n - 25. Let v(r) = 5*f(r) - 3*x(r). Determine v(-9).
1
Let w(z) = -z**2 + 8 - 7*z - 5*z + 9*z - 5*z. Determine w(-8).
8
Let o(i) = -i**3 + i**2 + i + 2. Let u be o(2). Let n(l) = -5 - 2191*l + l**2 - l**3 + 2191*l. What is n(u)?
-5
Let q(m) = 6*m**2 + 0*m**2 - 2 + m**3 - 7*m + 0. Suppose 0 = -312*z + 327*z + 105. Determine q(z).
-2
Let b(z) = 2*z + 2. Suppose -5*o - 3*u - 19 = 0, -5*o + 4*u - 57 = -24. Calculate b(o).
-8
Let p(c) be the first derivative of 1/2*c**2 + 0*c - 4 + 1/3*c**3. Suppose 5*l - 19 = o, 0 = 4*l + 5*o + 12 - 4. Determine p(l).
12
Let p(d) = -2*d**3 + 7*d + 4 + 4433*d**2 - 4433*d**2. Let h(u) = u**3 - 5*u - 3. Suppose 0 = 2*q - 0*q - 14. Let t(i) = q*h(i) + 5*p(i). Determine t(1).
-4
Let h(j) = -3*j - 4. Let z be (-10)/6*6/(-5). Give h(z).
-10
Let w(q) = 13*q + 3*q - 2*q - 3*q - 9*q - 14. Calculate w(4).
-6
Let n(w) = -7*w**3 - 12*w**2 + 8*w + 2. Let j(i) = -10*i**3 - 17*i**2 + 12*i + 3. Let r(v) = -5*j(v) + 7*n(v). Calculate r(2).
3
Let f(o) = -10*o**2 + 13*o - 9. Let r(v) = 5*v**2 - 7*v + 5. Let s(j) = 6*f(j) + 11*r(j). Let z(l) = 6*l**2 - 1. Let h(k) = -5*s(k) - 4*z(k). Determine h(5).
-1
Let p(g) = -37*g - 6. Let d(t) = 3*t - 1. Let o(m) = 5*d(m) - p(m). What is o(-1)?
-51
Let u(r) = -11*r**2 - 21*r - 1. Let f(m) = 7*m**2 + 14*m + 1. Let t(h) = 8*f(h) + 5*u(h). Let g be (3 - 10/4)*2. Let w be (g + -4)*(-10)/(-6). Determine t(w).
-7
Let a(b) be the first derivative of 23 + 16 + 6*b**2 - 70 + 22. Determine a(-1).
-12
Let r be ((-18)/27)/(-1 - (-44)/48). Let v(t) = 3*t - 11. What is v(r)?
13
Suppose -2*t - 10 + 0 = 0. Let j be (2 - -5)/(-1 - -2). Let z(i) = -j - 7*i + 3*i + 2*i. Calculate z(t).
3
Let v = -1322 + 1313. Let n(w) = -2*w - 19. Give n(v).
-1
Let k(g) = g**3 + 3*g**2 - 5*g - 7. Let a(f) = -1. Let t(w) = -5*a(w) + k(w). What is t(-3)?
13
Let z(o) = o + 6. Let a(j) = 2*j + 31. Let h(t) = -a(t) + 4*z(t). Calculate h(3).
-1
Suppose 0 = 27*c - 30*c - 2*p - 18, 30 = -5*c + 2*p. Let j(z) = 5*z - 8. Calculate j(c).
-38
Let s(c) be the second derivative of -2*c**3/3 + 12*c**2 + 293*c. Determine s(13).
-28
Let y be 4/(-6)*(-15)/(-2). Let j(n) = 4*n**3 - 6*n**2 - 4*n. Let o(q) = -q**3 + q - 1. Let k(p) = y*o(p) - j(p). Suppose 3 + 3 = -z. Calculate k(z).
11
Suppose -2*t - g + 21 = 0, -5*g = t - 0*g - 33. Let n be (0 + 3)*(t/(-3) - -2). Let r(d) = 4*d. What is r(n)?
-8
Let c(i) be the first derivative of 5*i**3/3 + 3*i**2/2 + i - 6. Suppose 4*q + 5*g = -10 + 2, 0 = 3*q + 4*g + 6. Determine c(q).
15
Let x(j) be the third derivative of j**5/60 + j**4/12 - 2*j**3/3 + 22*j**2. Let a be (-60)/(-18)*12/(-10). Determine x(a).
4
Let p(z) = -2 - z**2 + 2 + z. Let s = 261 - 262. Calculate p(s).
-2
Let l(h) = h**3 - h**2 - 21. Let y(w) = -11*w. Let j be y(0). Give l(j).
-21
Let t(r) = r**2 + 4*r - 5. Suppose 4*w = -2*d - 12, 3*d - 4*w = 9*d + 28. Calculate t(d).
-5
Let z(b) = b. Let n(l) = 13 - 13 - l**2 - 4*l. Suppose -3*d + t - 9 = 0, 2*d + 3*t + 1 = 4*d. Let j be n(d). Calculate z(j).
0
Let s(y) = 2*y - 1. Let j = 488 + -489. Give s(j).
-3
Let h(b) = 123*b + 484. Let q be h(-4). Let a(f) = f**3 + 9*f**2 + 10*f + 19. Calculate a(q).
3
Let r(g) = g**3 - 8*g**2 + 6*g - 6. Let h be 9/1 - (-13)/((-78)/12). Give r(h).
-13
Let t(a) be the first derivative of a**4/4 + 2*a**3 - 8*a + 271. Calculate t(-6).
-8
Let m(a) = -5*a + 16. Let t(q) = 25*q - 80. Let u(b) = 11*m(b) + 2*t(b). Let s(l) = -l + 3. Let k(h) = -11*s(h) + 2*u(h). Suppose -j + 12 = 3*j. Determine k(j).
2
Let n(q) = -q**2 - 2*q + 2. Let s = 2 - 5. Let d be (-2 + s)/((-2)/(-2)). Give n(d).
-13
Let f(r) = -r**3 + 3*r**2 - r - 1. Let n(o) = -2*o - 10. Let w be n(3). Let y = -14 - w. Give f(y).
1
Let j(f) = -f. Let m(p) = -4*p + 2. Let q be m(-3). Let c(k) = -k**2 + 14*k - 7. Let u be c(q). Give j(u).
7
Let b(v) be the first derivative of v**2/2 + 7. Let t be b(4). Let q(x) = 2*x - 6. Calculate q(t).
2
Let p(h) = -13*h - 18*h - 24*h - 10*h**2 + h**3 + 42*h + 11 - 3. Give p(11).
-14
Let t(o) = -5*o - o**3 - 1 + 0*o - o + 8*o**2. Let m be t(7). Let f(w) be the third derivative of w**4/24 - 7*w**3/6 + 309*w**2. Give f(m).
-1
Let l(k) = -4*k**3 + 3*k**2 + 15*k + 9. Let q(r) = -5*r**3 - 115*r + 2*r**3 + 4*r**2 + 245*r - 116*r + 8. Let v(w) = 4*l(w) - 5*q(w). What is v(-7)?
17
Let s(b) = b - 2. Let l = 77 - 74. Suppose l*z = 43 - 19. Give s(z).
6
Let h(x) = x**2 - x + 3. Let s be h(0). Let q(p) = p - 8 + 3*p + 2 - s*p. Let r be 7 - (21 + -9) - 1*-10. What is q(r)?
-1
Let p(z) be the first derivative of z**3/3 - 2*z**2 + 5*z - 18. Let c(t) be the first derivative of p(t). Calculate c(6).
8
Let y(k) be the second derivative of -k**5/60 - k**4/3 + 11*k**3/6 + 26*k**2 - k + 8. Let q(i) be the first derivative of y(i). Calculate q(-8).
11
Let z be 2/(-4) - 40/(-16). Let x(u) = -z*u - u**2 + 2*u - 1 - 2*u**2 - 2*u. What is x(-2)?
-9
Suppose 0 = 5*q + 20, 15 = -5*r - 3*q + 3. Let l be r*(-1)/4*1. Suppose 11*g - 4*g = l. Let c(f) = -f - 2. Determine c(g).
-2
Let u(b) = -b**2 + 7*b - 8. Let f be u(6). Let n = 3 - f. Let h(k) = 3 + 31*k + k**3 - 82*k - 4*k**2 + 45*k - 5. Determine h(n).
-7
Suppose 0 = 3*h - 8*h + 20. Let s(f) = f + h*f - f**2 - 5 - 4*f. Calculate s(0).
-5
Let r(x) be the second derivative of -x**5/20 - 4*x**4/3 - 8*x**3/3 - 11*x**2/2 - 619*x. Determine r(-15).
4
Let z(q) = -7*q**2 + 8*q**2 - 1684*q + 1685*q + 4. Give z(0).
4
Let l(j) = -5*j**2 + j. Suppose -3*f + 0 + 37 = -5*k, -f = 3*k + 25. Let q = k + 9. Let m be ((3 - q) + -1)*1. Determine l(m).
-4
Let f(i) be the third derivative of i**6/120 + i**5/10 + i**4/3 + 7*i**3/6 - 2*i**2. Let r = -3 - -24. Suppose -2*c - 2 = j + 9, 5*c - 4*j + r = 0. Give f(c).
-8
Suppose 3*y + 620 - 617 = 0. Let h(g) = 6*g**2 - g - 1. What is h(y)?
6
Let z = -66 + 61. Let w(x) = -x - 2. Give w(z).
3
Let j be 2/2 - (0 + -3). Let f(d) = d - j + 2 - 1 - 4*d. Let b be -1*2 + (3 - 6). Calculate f(b).
12
Let b = -218 + 232. Let t(n) = 1 + 9*n + 2*n - b*n + 11*n. Suppose 2*j + 1 + 1 = 0. Give t(j).
-7
Let f(m) = 7*m**3 - 2*m**2 + 3*m - 2. Suppose 0 = 3*a - 2 - 1. Let i be f(a). Let n(h) = 1 - 3 + 0*h + h. Give n(i).
4
Let m(g) = -g**3 + 16*g**2 + 17*g. Let w(v) = -81*v - 307. Let x be w(-4). Calculate m(x).
0
Suppose -z = l + 23 - 3, -z + 2*l = 8. Let n = z + 34. Let b(r) = n - 4*r + 6*r - 16. Determine b(-2).
-2
Suppose -b + 2*d = -2, 31*b + 2*d = 27*b + 18. Let p(q) = -q + 1. Let t(n) = -6*n + 6. Let i(a) = -11*p(a) + 2*t(a). Calculate i(b).
-3
Let a(g) = -9796*g**3 + 14 + 0*g + 9795*g**3 + 3*g - 6*g**2. Give a(-6).
-4
Let b(j) = j + 14. Let d be b(-11). Suppose 18 = 5*q - 4*c - 9, 0 = -3*q - 2*c + d. Let z(a) = 16 - 22 + 4*a + 8 - q*a. What is z(-2)?
0
Let w(p) = -7*p + 129. Let h be w(16). Let d(m) = -m**3 + 18*m**2 - 17*m - 25. What is d(h)?
-25
Let r(w) = w**3 + 2*w**2 - 2*w + 4. Let z(o) be the second derivative of o**4/6 - 10*o**3/3 + 15*o**2/2 - 30*o. Let m be z(9). Determine r(m).
1
Suppose 0 = 2*u - u - 3. Let c(n) = 4*n**2 + u*n**2 - 4*n**2 - 2. Determine c(2).
10
Suppose -5*u - 99*r = -95*r + 7, -19 = -4*u + 5*r. Let j(t) = 12*t**3 + 2*t**2 - 1. Calculate j(u).
13
Let s(a) = a**2 - 7*a + 6. Let z be s(4). Let t(h) = 2 - 2 - 5 + 84*h - 2 - 85*h. What is t(z)?
-1
Let a(l) = -16*l**2 - 4*l**3 + 3*l + l**3 - 1 + 44*l**2 + 4*l**3 - 32*l**2. Give a(3).
-1
Let x(c) = -c - 1. Let s(a) = -9*a - 1. Suppose 5*j - 3*i - i - 11 = 0, 0 = 4*i + 16. Let h be s(j). Determine x(h).
-9
Let k(m) = -3*m**2 + 5*m + 3. Let n(c) = 7*c**2 - 11*c - 5. Let o(h) = -5*k(h) - 2*n(h). Suppose 35 = 5*l + 10. What is o(l)?
5
Let a = 808 + -818. Let b(s) = s**3 + 9*s**2 - 8*s + 18. Determine b(a).
-2
Let c(p) = 3*p + 2*p + 5 - p. Let w(s) = -s**2 + 55*s - 380. Let n be w(47). Calculate c(n).
-11
Let y(l) = 3*l - 14. Let g be 3*(-2 + 1) + (21 - 12). Give y(g).
4
Let d(a) = 7 - a**2 + 4*a + 14 + 15 - 54 + 6. Calculate d(4).
-12
Let p(a) = 2*a + 12. Let i(n) = -2*n - 12. Let l(o) = -5*i(o) - 4*p(o). Let g be l(-3). Let w(b) = -b**2 + 5*b + 5. What is w(g)?
-1
Suppose s + 1 = 2. Let c(y) = -y - 1. Let g(q) = 4*q - 4. Let o(d) = s*g(d) + 3*c(d). Determine o(5).
-2
Suppose -31*w + 358 = -14. Let x(h) = h**2 - 14*h + 13. Calculate x(w).
-11
Let d(n) = 3*n**2 - 8*n - 2. Let w(p) = -10